mposite?
False
Is 34849 composite?
False
Is 116309 prime?
False
Is 146161 prime?
True
Is 10289 a composite number?
False
Is 26339 composite?
False
Is 517007 composite?
True
Is 197513 a composite number?
True
Is 9299 prime?
False
Is 73897 composite?
False
Is 460169 prime?
False
Is 13389 a prime number?
False
Is 21001 a composite number?
False
Is 19553 a prime number?
True
Is 1795634 prime?
False
Is 22259 a prime number?
True
Is 387445 prime?
False
Is 131299 a prime number?
False
Is 319 a composite number?
True
Is 40879 composite?
False
Is 1221707 a prime number?
True
Is 83209 composite?
True
Is 1657 a composite number?
False
Is 186139 prime?
False
Is 318569 composite?
False
Is 10799 a composite number?
False
Is 545203 a composite number?
False
Is 7117 composite?
True
Is 118 prime?
False
Is 517919 prime?
True
Is 107141 a prime number?
False
Is 136319 composite?
False
Is 1846769 composite?
False
Is 204767 prime?
False
Is 26351 composite?
True
Is 4709 prime?
False
Is 719383 a composite number?
True
Is 3891 a composite number?
True
Is 555019 a prime number?
False
Is 77681 composite?
False
Is 268841 composite?
False
Is 41891 a prime number?
False
Is 37577 prime?
False
Is 662689 a composite number?
False
Is 1456739 composite?
False
Is 787 prime?
True
Is 14379 prime?
False
Is 5807 a composite number?
False
Is 81407 prime?
False
Is 2174 a composite number?
True
Is 2305607 a prime number?
True
Is 1137067 a prime number?
True
Is 545079 a composite number?
True
Is 10555 prime?
False
Is 201731 a prime number?
True
Is 226378 prime?
False
Is 51391 composite?
True
Is 32117 a prime number?
True
Is 791191 a composite number?
False
Is 2413 prime?
False
Is 1039615 composite?
True
Is 10369 composite?
False
Is 148091 a composite number?
False
Is 9895 a composite number?
True
Is 5129 prime?
False
Is 17251 a composite number?
True
Is 2397545 a prime number?
False
Is 29683 a prime number?
True
Is 220511 prime?
True
Is 12811 composite?
True
Is 68811 a composite number?
True
Is 480037 a composite number?
True
Is 291779 composite?
False
Is 2957 prime?
True
Is 6617 a composite number?
True
Is 1721 a composite number?
False
Is 2997767 a composite number?
False
Is 81989 prime?
False
Is 88797 prime?
False
Is 1433767 a prime number?
True
Is 194189 prime?
False
Is 1683667 composite?
False
Is 18141 a prime number?
False
Is 1697342 composite?
True
Is 50987 a composite number?
True
Is 4087 prime?
False
Is 144338 prime?
False
Is 109729 a prime number?
False
Is 180431 composite?
True
Is 11633 a prime number?
True
Is 44537 a composite number?
False
Is 913 prime?
False
Is 183935 prime?
False
Is 1391 a composite number?
True
Is 1213 a prime number?
True
Is 2901 a composite number?
True
Is 466591 prime?
False
Is 98357 a composite number?
True
Is 833417 a composite number?
True
Is 5941 a composite number?
True
Is 25423 prime?
True
Is 262087 composite?
True
Is 30133 a prime number?
True
Is 77069 a composite number?
False
Is 12227 a composite number?
False
Is 1971233 composite?
True
Is 157151 a prime number?
False
Is 4091 a prime number?
True
Is 206 a composite number?
True
Is 1345 composite?
True
Is 163109 composite?
False
Is 1169 a composite number?
True
Is 14761 a composite number?
True
Is 67763 a prime number?
True
Is 37153 a composite number?
True
Is 25301 composite?
False
Is 38559 prime?
False
Is 1757209 composite?
True
Is 3244187 a composite number?
False
Is 326549 a composite number?
False
Is 41719 prime?
True
Is 14303 a prime number?
True
Is 469 a composite number?
True
Is 65353 composite?
False
Is 34862 composite?
True
Is 430779 a prime number?
False
Is 131431 a prime number?
True
Is 4367 a composite number?
True
Is 263 a prime number?
True
Is 186701 a composite number?
False
Is 9967 composite?
False
Is 206533 a prime number?
False
Is 2452809 prime?
False
Is 977527 a prime number?
False
Is 719611 prime?
False
Is 30434 prime?
False
Is 32743 a prime number?
False
Is 470546 a prime number?
False
Is 113647 composite?
False
Is 553555 prime?
False
Is 2959 a prime number?
False
Is 706 prime?
False
Is 5437 prime?
True
Is 44351 prime?
True
Is 8203 a prime number?
False
Is 34667 a composite number?
False
Is 6941 a prime number?
False
Is 1853161 a composite number?
False
Is 75503 a prime number?
True
Is 69313 prime?
True
Is 25257 composite?
True
Is 309467 prime?
False
Is 456871 prime?
True
Is 41999 a composite number?
False
Is 161819 composite?
True
Is 66643 prime?
True
Is 29179 a composite number?
False
Is 12991 a prime number?
False
Is 26591 composite?
False
Is 2939 a composite number?
False
Is 778489 a prime number?
False
Is 1577 prime?
False
Is 27179 a composite number?
False
Is 95723 prime?
True
Is 35143 a prime number?
False
Is 120299 composite?
False
Is 36973 a composite number?
False
Is 390953 prime?
True
Is 499229 prime?
True
Is 1923 composite?
True
Is 1350707 prime?
False
Is 5758 prime?
False
Is 79493 a composite number?
False
Is 120349 composite?
False
Is 97913 a composite number?
True
Is 32135 a prime number?
False
Is 33377 a composite number?
False
Is 25817 prime?
False
Is 236074 composite?
True
Is 109073 prime?
True
Is 54101 a composite number?
False
Is 134581 composite?
False
Is 278309 prime?
False
Is 1167973 composite?
False
Is 78205 composite?
True
Is 694 composite?
True
Is 441321 prime?
False
Is 46331 prime?
False
Is 16909 a prime number?
False
Is 125773 composite?
True
Is 1564991 a composite number?
False
Is 7901 a composite number?
False
Is 94993 a prime number?
True
Is 133919 composite?
False
Is 5221 a prime number?
False
Is 770857 a composite number?
True
Is 8513 a prime number?
True
Is 11885 composite?
True
Is 256117 a prime number?
True
Is 5897 a composite number?
False
Is 16637 a prime number?
False
Is 1091 composite?
False
Is 518573 a composite number?
True
Is 745 a prime number?
False
Is 35297 composite?
True
Is 61481 a composite number?
True
Is 22733 a composite number?
True
Is 5287427 a composite number?
False
Is 1481 prime?
True
Is 375967 a prime number?
True
Is 144407 prime?
True
Is 159383 a composite number?
True
Is 919337 composite?
False
Is 696985 composite?
True
Is 293 composite?
False
Is 462473 a prime number?
False
Is 98497 composite?
True
Is 2010115 a prime number?
False
Is 13607 a prime number?
False
Is 1870829 a composite number?
False
Is 71453 prime?
True
Is 165067 a prime number?
False
Is 6029 composite?
False
Is 7480739 composite?
True
Is 1361 composite?
False
Is 14999 prime?
False
Is 37159 a prime number?
True
Is 79573 composite?
True
Is 1973 a composite number?
False
Is 89423 composite?
True
Is 66227 prime?
False
Is 689261 a composite number?
False
Is 623 prime?
False
Is 168757 prime?
False
Is 50629 prime?
False
Is 26083 a composite number?
False
Is 579353 composite?
False
Is 8623 prime?
True
Is 10037 composite?
False
Is 1046497 composite?
False
Is 3113 a prime number?
False
Is 43535 a prime number?
False
Is 2923 a composite number?
True
Is 761417 a composite number?
False
Is 12713 composite?
False
Is 79681 a composite number?
True
Is 61481 a prime number?
False
Is 44411 a prime number?
False
Is 69953 composite?
True
Is 61779 prime?
False
Is 241843 a composite number?
True
Is 144877 a prime number?
False
Is 9569 composite?
True
Is 622777 a prime number?
True
Is 919 a composite number?
False
Is 119693 a composite number?
True
Is 263 prime?
True
Is 14851 a prime number?
True
Is 9113 prime?
False
Is 14221 a composite number?
False
Is 45757 composite?
False
Is 26066 composite?
True
Is 1621342 a prime number?
False
Is 27883 a composite number?
False
Is 150139 a composite number?
True
Is 5299 prime?
False
Is 20003 prime?
False
Is 44729 prime?
True
Is 6197 a composite number?
False
Is 106823 a composite number?
False
Is 4253 a composite number?
False
Is 1744679 a prime number?
True
Is 58085 prime?
False
Is 36037 a composite number?
False
Is 1637 a composite number?
False
Is 38093 composite?
True
Is 2623 composite?
True
Is 1597 a composite number?
False
Is 14447 a prime number?
True
Is 452213 composite?
False
Is 186269 prime?
False
Is 3643 a prime number?
True
Is 5513 prime?
False
Is 125039 prime?
False
Is 58537 prime?
True
Is 206699 prime?
True
Is 85051 prime?
False
Is 156941 a composite number?
False
Is 2333 a prime number?
True
Is 64399 a prime 